dreds digit of 65370?
3
What is the tens digit of 22396?
9
What is the units digit of 1058?
8
What is the hundreds digit of 999?
9
What is the thousands digit of 4104?
4
What is the ten thousands digit of 47618?
4
What is the ten thousands digit of 41641?
4
What is the hundreds digit of 20696?
6
What is the hundreds digit of 6010?
0
What is the thousands digit of 21603?
1
What is the units digit of 4749?
9
What is the tens digit of 5571?
7
What is the ten thousands digit of 43780?
4
What is the ten thousands digit of 18366?
1
What is the units digit of 9444?
4
What is the hundreds digit of 1761?
7
What is the tens digit of 10768?
6
What is the units digit of 81?
1
What is the thousands digit of 1141?
1
What is the thousands digit of 1757?
1
What is the tens digit of 3850?
5
What is the units digit of 1461?
1
What is the units digit of 5721?
1
What is the units digit of 412?
2
What is the tens digit of 1721?
2
What is the tens digit of 3002?
0
What is the hundreds digit of 4241?
2
What is the tens digit of 24715?
1
What is the hundreds digit of 1658?
6
What is the tens digit of 2463?
6
What is the thousands digit of 138110?
8
What is the hundreds digit of 707?
7
What is the tens digit of 1069?
6
What is the tens digit of 38608?
0
What is the hundreds digit of 20669?
6
What is the hundreds digit of 3879?
8
What is the units digit of 34318?
8
What is the units digit of 12997?
7
What is the tens digit of 2568?
6
What is the thousands digit of 8712?
8
What is the tens digit of 10159?
5
What is the tens digit of 983?
8
What is the units digit of 32?
2
What is the tens digit of 1517?
1
What is the thousands digit of 1036?
1
What is the hundreds digit of 906?
9
What is the ten thousands digit of 75929?
7
What is the units digit of 878?
8
What is the units digit of 32157?
7
What is the hundreds digit of 39642?
6
What is the tens digit of 2811?
1
What is the tens digit of 89195?
9
What is the ten thousands digit of 108271?
0
What is the tens digit of 49829?
2
What is the tens digit of 734?
3
What is the tens digit of 51?
5
What is the hundreds digit of 784?
7
What is the thousands digit of 7777?
7
What is the ten thousands digit of 38388?
3
What is the ten thousands digit of 35356?
3
What is the tens digit of 968?
6
What is the tens digit of 83683?
8
What is the units digit of 23419?
9
What is the hundreds digit of 8727?
7
What is the hundreds digit of 236?
2
What is the hundreds digit of 34254?
2
What is the hundreds digit of 727?
7
What is the thousands digit of 3109?
3
What is the ten thousands digit of 52039?
5
What is the tens digit of 5048?
4
What is the hundreds digit of 860?
8
What is the units digit of 21763?
3
What is the thousands digit of 11744?
1
What is the thousands digit of 5894?
5
What is the thousands digit of 7261?
7
What is the tens digit of 10529?
2
What is the units digit of 11971?
1
What is the units digit of 5807?
7
What is the thousands digit of 1202?
1
What is the thousands digit of 6997?
6
What is the tens digit of 1279?
7
What is the units digit of 937?
7
What is the units digit of 1020?
0
What is the units digit of 261?
1
What is the tens digit of 18751?
5
What is the ten thousands digit of 17046?
1
What is the tens digit of 46371?
7
What is the hundreds digit of 4250?
2
What is the tens digit of 6199?
9
What is the tens digit of 78?
7
What is the units digit of 3401?
1
What is the hundreds digit of 739?
7
What is the tens digit of 6850?
5
What is the thousands digit of 2706?
2
What is the hundreds digit of 3864?
8
What is the thousands digit of 17466?
7
What is the hundreds digit of 45880?
8
What is the hundreds digit of 1328?
3
What is the thousands digit of 3329?
3
What is the units digit of 1199?
9
What is the thousands digit of 149883?
9
What is the hundreds digit of 28684?
6
What is the tens digit of 14883?
8
What is the units digit of 1815?
5
What is the units digit of 5822?
2
What is the thousands digit of 44835?
4
What is the tens digit of 38812?
1
What is the hundreds digit of 101913?
9
What is the ten thousands digit of 108649?
0
What is the tens digit of 17961?
6
What is the units digit of 6097?
7
What is the thousands digit of 25478?
5
What is the hundreds digit of 783?
7
What is the thousands digit of 26954?
6
What is the tens digit of 38?
3
What is the thousands digit of 5937?
5
What is the tens digit of 713?
1
What is the tens digit of 1921?
2
What is the ten thousands digit of 46238?
4
What is the thousands digit of 8619?
8
What is the hundreds digit of 923?
9
What is the tens digit of 21877?
7
What is the units digit of 22526?
6
What is the tens digit of 15598?
9
What is the ten thousands digit of 15981?
1
What is the thousands digit of 86913?
6
What is the units digit of 22322?
2
What is the units digit of 1360?
0
What is the tens digit of 99590?
9
What is the hundreds digit of 558?
5
What is the units digit of 2425?
5
What is the tens digit of 27644?
4
What is the units digit of 24960?
0
What is the units digit of 37266?
6
What is the hundreds digit of 223?
2
What is the units digit of 38928?
8
What is the units digit of 5619?
9
What is the hundreds digit of 6586?
5
What is the tens digit of 58?
5
What is the thousands digit of 7403?
7
What is the tens digit of 38743?
4
What is the tens digit of 421?
2
What is the units digit of 10310?
0
What is the hundreds digit of 611?
6
What is the hundreds digit of 23961?
9
What is the units digit of 553?
3
What is the tens digit of 2860?
6
What is the units digit of 223?
3
What is the units digit of 5990?
0
What is the thousands digit of 10820?
0
What is the hundreds digit of 569?
5
What is the tens digit of 9546?
4
What is the tens digit of 49943?
4
What is the units digit of 365?
5
What is the units digit of 7087?
7
What is the units digit of 2971?
1
What is the tens digit of 1248?
4
What is the thousands digit of 187498?
7
What is the tens digit of 5766?
6
What is the hundreds digit of 36472?
4
What is the ten thousands digit of 42895?
4
What is the units digit of 437?
7
What is the thousands digit of 2352?
2
What is the tens digit of 13902?
0
What is the ten thousands digit of 27869?
2
What is the hundreds digit of 7765?
7
What is the hundreds digit of 6338?
3
What is the hundreds digit of 197?
1
What is the hundreds digit of 578?
5
What is the units digit of 2166?
6
What is the hundreds digit of 7947?
9
What is the thousands digit of 3772?
3
What is the units digit of 10793?
3
What is the thousands digit of 3296?
3
What is the ten thousands digit of 29512?
2
What is the hundreds digit of 7290?
2
What is the tens digit of 1407?
0
What is the tens digit of 2034?
3
What is the thousands digit of 17933?
7
What is the tens digit of 1547?
4
What is the units digit of 52349?
9
What is the units digit of 626?
6
What is the units digit of 432?
2
What is the units digit of 318?
8
What is the units digit of 5614?
4
What is the tens digit of 11186?
8
What is the hundreds digit of 79088?
0
What is the hundreds digit of 4457?
4
What is the thousands digit of 5509?
5
What is the tens digit of 6442?
4
What is the hundreds digit of 2180?
1
What is the thousands digit of 13679?
3
What is the tens digit of 27801?
0
What is the units digit of 5050?
0
What is the thousands digit of 13217?
3
What is the thousands digit of 1370?
1
What is the ten thousands digit of 18180?
1
What is the tens digit of 2648?
4
What is the tens digit of 7298?
9
What is the tens digit of 3282?
8
What is the tens digit of 668?
6
What is the hundred thousands digit of 144523?
1
What is the tens digit of 3218?
1
What is the units digit of 1297?
7
What is the units digit of 7491?
1
What is the thousands digit of 15182?
5
What is the thousands digit of 24682?
4
What is the tens digit of 1074?
7
What is the hundreds digit of 106?
1
What is the hundreds digit of 978?
9
What is the tens digit of 75341?
4
What is the tens digit of 49766?
6
What is the ten thousands digit of 24727?
2
What is the tens digit of 1338?
3
What is the units digit of 3477?
7
What is the tens digit of 66?
6
What is the hundreds digit of 1513?
5
What is the thousands digit of 80272?
0
What is the hundreds digit of 335?
3
What is the hundreds digit of 29156?
1
What is the units digit of 805?
5
What is the tens digit of 2423?
2
What is t